Let h = 815 - 712. What are the prime factors of h?
103
Suppose 3*a - 18 = 6*a. List the prime factors of (1393/21 - (-2)/a) + -3.
3, 7
Suppose -8*f + 1192 + 6608 = 0. What are the prime factors of f?
3, 5, 13
Let j = -535 - -757. List the prime factors of j.
2, 3, 37
Suppose 26*q - 18*q = 22248. What are the prime factors of q?
3, 103
Suppose -767 = -31*a + 13059. What are the prime factors of a?
2, 223
Let s = 648 + 396. What are the prime factors of s?
2, 3, 29
Let q(z) be the third derivative of -z**5/30 - z**4/24 + 8*z**3 + 6*z**2. List the prime factors of q(0).
2, 3
Let k(l) = -26*l**3 - 3*l**2 - 2*l - 2. What are the prime factors of k(-3)?
7, 97
Suppose 46682 - 138650 = -32*h. What are the prime factors of h?
2, 3, 479
Suppose 0 = -r - 4, -n - 4*r + 108 + 156 = 0. List the prime factors of n.
2, 5, 7
What are the prime factors of (-2)/2*-5 + (-5456)/(-11)?
3, 167
Let l(s) = 4*s - 59. Let k = 55 + -31. List the prime factors of l(k).
37
Let s = 353 + -203. Let o = 258 - s. Suppose -3*b = -9*b + o. What are the prime factors of b?
2, 3
Let n(a) = 211*a + 4. Let u be n(1). Suppose 46*y - u = 45*y. List the prime factors of y.
5, 43
Let d(y) = -90*y + 12. What are the prime factors of d(-5)?
2, 3, 7, 11
Suppose 28*m - 65*m + 49728 = 0. What are the prime factors of m?
2, 3, 7
Let k(i) = i**3 + 5*i**2 - i + 1. Let u be k(-5). Suppose -u*f = -8*f + 154. List the prime factors of f.
7, 11
Let x(y) = -y**2 - 8*y - 6. Let g be x(-8). Let r = g + 9. Suppose 29 = b - 4*v, 2*v = b - r*v - 32. What are the prime factors of b?
17
Let v = -5 - -2. What are the prime factors of (1 + 198/8)*(-24)/v?
2, 103
Suppose y = 4*g - 5*g + 736, -727 = -g + 2*y. List the prime factors of g.
733
Let h(v) = -234*v**3 + 2*v**2 - 6*v - 54. What are the prime factors of h(-3)?
2, 3, 5, 7
List the prime factors of 2*((-978)/(-4) - 2).
5, 97
Let z = -622 + 664. What are the prime factors of z?
2, 3, 7
Suppose d = p - 2408, 16*p = 13*p - d + 7216. What are the prime factors of p?
2, 3, 401
Let z(t) = -4*t**2 - 4*t + 3. Let w be z(-6). Suppose 2*r = 4*r + 390. Let c = w - r. What are the prime factors of c?
2, 3, 13
Suppose 238 = 7*i - 336. List the prime factors of (i/(-4))/((-4)/8).
41
Let g = -155 + 223. Let k = 17 + g. List the prime factors of k.
5, 17
Let q be (3 - (-2 - -4)) + -19. Let r = 23 + q. Suppose -k - 39 = -2*b, 0*b - r*b - 5*k + 75 = 0. List the prime factors of b.
2, 3
Suppose -4*g = -2*j - 9 - 3, -g = j. Let f(p) = p**2 + p + 18 + 0*p**g + 11*p. What are the prime factors of f(-14)?
2, 23
Let v(r) = -2*r - 41. Let b be v(-23). List the prime factors of (12/b)/(33/440).
2
Suppose -2*t - 153 = -3*t + 4*p, -2*t = -4*p - 298. List the prime factors of t.
5, 29
Suppose 5*o - 6 = 3*o. Suppose 9*x - 26 = 253. Suppose 2*j = o*j - x. List the prime factors of j.
31
Suppose -n = 36 + 48. Let s = 17 - n. List the prime factors of s.
101
Let k be ((-140)/(-12) - 1)/(2/525). List the prime factors of 2/3 + k/30.
2, 47
Suppose 0 = -2*s + 4*t - 1325 - 11, -2*s = -3*t + 1341. What are the prime factors of s/(-5) - 12/(-30)?
2, 17
Let s = 530 - -732. List the prime factors of s.
2, 631
Let l(t) be the second derivative of -t**5/20 + t**4/3 - t**3/2 + t**2 + 5*t. Suppose 7*g + 10 = 2*g + 5*f, -10 = 3*g - 4*f. What are the prime factors of l(g)?
2
Suppose -4*d = -5*d + 1821. List the prime factors of d.
3, 607
What are the prime factors of 0 + -3 + (-7)/((-14)/556)?
5, 11
Suppose 13 = 3*t - t - o, 0 = -2*o - 10. Suppose 8*q - 4*q - 124 = -3*f, t*q + 260 = 5*f. List the prime factors of f.
2, 3
Suppose 8918 = 24*y - 12730. List the prime factors of y.
2, 11, 41
Let g = 1433 - 1022. What are the prime factors of g?
3, 137
Suppose -11*y - 144 = -12*y. Suppose 0 = 3*x + 2*n - 0*n - y, -101 = -2*x - 3*n. List the prime factors of x.
2, 23
Suppose -5*l + 2*l = 5*s - 976, 4*s + 1602 = 5*l. Suppose 2*g + 62 - l = 0. List the prime factors of g.
2, 5, 13
Let z(c) = -2*c + 19. Let x be z(8). Suppose -x*i = -2*i - 66. What are the prime factors of i?
2, 3, 11
Let s(x) be the second derivative of -x**3/2 - 11*x**2/2 + 44*x. Suppose -h = -0 + 8. What are the prime factors of s(h)?
13
Let u(w) = 17*w + 39. What are the prime factors of u(16)?
311
Let r(l) = -l**3 + 5*l**2 + l. Let g be r(5). Suppose -10 = -0*z + 5*z - 5*i, 0 = -z + g*i - 10. Suppose z = j - 8 - 0. List the prime factors of j.
2
Let t be 2 + 4/2*-1. Let a(y) = 2*y**2 - y - 1. Let z(j) = 11*j**2 - 5*j + 2. Let k(g) = -6*a(g) + z(g). What are the prime factors of k(t)?
2
Let i(x) be the third derivative of 13*x**4/24 - 4*x**3/3 - 10*x**2. What are the prime factors of i(5)?
3, 19
Suppose 4*x - 806 + 54 = -2*c, -4*c = -2*x - 1554. What are the prime factors of c?
2, 193
Let b(g) = 2*g**3 + 121*g**2 - 62*g + 175. What are the prime factors of b(-61)?
2, 59
Let a be 10308/24 + (-2)/(-4). Suppose -a = -4*h + 454. Suppose 3*v = 4*i - h, i + v = -4*i + 262. What are the prime factors of i?
53
Suppose 2*t + 3*q = 30, -3*t + 52 = t + 4*q. Let p be (3 + -4)/((-3)/t). What are the prime factors of (-78)/(-3)*p/6?
13
Let u = 532 + 372. What are the prime factors of u?
2, 113
Let t be 20/170 - (-106)/(-34). What are the prime factors of 4/t*348/(-8)?
2, 29
Let p = 32 - 28. Suppose 2*g = -p*w + 312, 2*w - g = g + 144. List the prime factors of w.
2, 19
Let x(i) = 260*i - 475. List the prime factors of x(8).
3, 5, 107
Let c = 3343 - 204. What are the prime factors of c?
43, 73
What are the prime factors of 62466/21 - (-4)/(-7)?
2, 1487
Let g = 418 + 421. List the prime factors of g.
839
Suppose -x - 23*y = -21*y - 1455, 0 = -3*y - 6. List the prime factors of x.
1459
Let a(k) = 4*k**3 + k**2 + 3*k + 2. Let b be a(-1). Let w = b - -15. List the prime factors of w.
11
Suppose -3*s = 3, 5 = 2*j + 4*s - s. Suppose j*o - 14 = 282. List the prime factors of o.
2, 37
Suppose 0 = -5*h + 4*r + 2520, 11 - 6 = r. List the prime factors of h.
2, 127
Let i = -27 - -41. Let y = i - -2. List the prime factors of y.
2
Suppose 33*f - 27*f = 7320. What are the prime factors of f?
2, 5, 61
Let u = 807 - -682. List the prime factors of u.
1489
List the prime factors of 11 + 93/(-9) + 2431/3.
811
Let w(z) = -z**3 - 7*z**2 - 4*z + 4. Let r be 870/225 + 2/15. Suppose -l = -u + 12, -5*l - 3*u + r = 24. What are the prime factors of w(l)?
2
Let h be ((-45)/(-18))/((-1)/(-2)). Suppose 0 = h*c + 72 - 162. List the prime factors of c.
2, 3
Let s = -13 + 15. Suppose s*t + 85 = 7*t. Let y = t - -9. What are the prime factors of y?
2, 13
Suppose -65052 = -50*t + 11*t. What are the prime factors of t?
2, 3, 139
Suppose 19*s = 5*s + 56. List the prime factors of (-74)/(-111)*(1098/s)/1.
3, 61
Let w(p) = p**2 - 7*p - 29. Suppose 5*m = 9*m + 20. What are the prime factors of w(m)?
31
Suppose -398 = -l - 2*i - 75, 3*i - 326 = -l. List the prime factors of l.
317
Let k = 11 + 1409. List the prime factors of k.
2, 5, 71
Suppose 46 = y + y. Suppose 5*i = -2*n + y, -2*i = -2*n - i - 7. List the prime factors of (-4)/(-12)*(n - -130).
43
Suppose 5*v + 3752 = -3*v. Let a = v - -695. List the prime factors of a.
2, 113
Let f(k) = -k**2 - 6*k + 1. Let r be f(-7). Let g = -6 + r. What are the prime factors of (g/18)/((-4)/78)?
13
Suppose -15*r - 181 = 29. Let d(q) = -13*q + 16. List the prime factors of d(r).
2, 3, 11
Let a = 7 - 7. Suppose a = -5*s + 4*n - 44 + 251, -8 = -4*n. List the prime factors of s.
43
Let h(v) = 15*v + 152. What are the prime factors of h(36)?
2, 173
Suppose 16 = -2*q - 5*b, 4*b - 5*b = 5*q - 6. Let z(a) = 0*a + 2*a**q + 3 + 7*a + a - 2*a. What are the prime factors of z(-4)?
11
Let z = 50 + -50. Suppose z*b + 5*b = 295. List the prime factors of b.
59
Let s be (-10 - -10) + 1939 + 1. Suppose 6*z + 776 - s = 0. What are the prime factors of z?
2, 97
Let f be 360/42*2*(-14)/4. Suppose 8 + 16 = -4*o. List the prime factors of f/8*4/o.
5
Let z = 6170 + -2858. What are the prime factors of z?
2, 3, 23
Let u = 24 - 21. List the prime factors of (2/(-6))/(u/(-405)).
3, 5
Suppose 2*b = 3*q - 961 + 86, 0 = b - 4*q + 425. Let g = b - -684. List the prime factors of g.
239
Let r = -657 + 1410. What are the prime factors of r?
3, 251
Suppose 0 = -6*q + q. Suppose q = 5*b - 3*b - 190. Let c = 136 - b. What are the prime factors of c?
41
Let y(i) = i**2 + 8*i + 